. Calculate the remainder when 518 is divided by w.
48
Calculate the remainder when 2409 is divided by 1479/3 + -14 - -2.
4
Let d(k) = -11*k**3 + 10*k**2 + 39*k - 22. What is the remainder when d(-5) is divided by 364?
316
Let n = 9 + 13. Let q = -20015 - -20119. Calculate the remainder when q is divided by n.
16
Suppose -3*j + 60*u + 1367 = 65*u, 0 = -5*u - 25. Calculate the remainder when j is divided by 222.
20
Let l(x) = 5*x + 21. Let u be l(-4). Let g = 4 - u. Suppose 12 + 0 = g*n, 114 = 3*s - 3*n. What is the remainder when 81 is divided by s?
39
Let n(y) = -180*y - 619. What is the remainder when n(-19) is divided by 187?
183
Let w(k) = -k**2 + 4*k + 1. Let v be w(3). Suppose -v*n + 20 = -4. What is the remainder when 3 is divided by 16/n + (-5)/(-15)?
0
Let w = -1726 - -3274. Suppose 31*m + 432 = w. Calculate the remainder when 137 is divided by m.
29
What is the remainder when 3002 is divided by 142 + -6 + 9 + (-1)/((-2)/(-4))?
142
Let y be (-7)/(105/12)*15. Let m be (-160)/y*(3/(-2) + 3). Let n = m + -9. What is the remainder when n is divided by 2?
1
Let b(f) = -10*f**2 - f + 3. Let r be b(3). Suppose -5*y + 75 = -0*y. Calculate the remainder when y is divided by (-1 - (-25)/10) + r/(-12).
6
What is the remainder when 250 is divided by (44 - 20) + (-10)/5?
8
Let m = 0 - -5. Suppose 2*p = 7*p + 25, p - m = -2*y. Suppose -36 = y*q - 8*q. Calculate the remainder when 45 is divided by q.
9
Suppose t - 5 = -5. What is the remainder when 2*-1*(t - (-31)/(-2)) is divided by 16 - (-2 - -2) - 0?
15
Let b(t) = -84*t + 1. Let c be b(-1). Suppose 0 = 2*x - 2*r - 28, -x - 4*x + 2*r = -c. What is the remainder when ((-370)/4)/((-575)/230) is divided by x?
18
Suppose 35 - 345 = -10*u. What is the remainder when 216 is divided by u?
30
Suppose 2*r + 2*t = 162, 3*t - 8*t = 2*r - 171. Suppose -85*d = -r*d - 28. Calculate the remainder when 193 is divided by d.
1
Calculate the remainder when 2450 is divided by (33950/(-21) - 6)/(2 - 40/12).
16
Suppose -2*d + 5*d - 57 = 0. Suppose -5*p - 70 = -4*t - 3*p, 3*t - 5*p - 35 = 0. Calculate the remainder when 97 + (-2 - 1)/(15/t) is divided by d.
17
Let p(w) = -w**3 + 26*w**2 + 2*w - 45. Suppose 0 = 3*l + 9, 50 = 5*o - l - 83. What is the remainder when ((-14)/(-1))/((-2)/(-1)) is divided by p(o)?
0
Let h(i) be the second derivative of 5*i**3/3 + 6*i**2 - 2*i. Let x be h(-4). Let q = x + 35. Calculate the remainder when 34 is divided by q.
6
Let h(m) be the third derivative of -m**6/60 - m**5/30 + m**4/4 - m**3/3 + 3*m**2 + 7*m. What is the remainder when 45 is divided by h(-3)?
13
Let f = -7612 + 7664. What is the remainder when 921 is divided by f?
37
Suppose 0*c + 4*k = -3*c + 363, -605 = -5*c - 4*k. Let y(p) = 10 - p + 47 + 0*p + p**2 + c. Calculate the remainder when y(0) is divided by 30.
28
Let s(r) = 2*r**2 + 31*r + 203. Calculate the remainder when 6235 is divided by s(-11).
99
Suppose 5*y - 3*z - 260 = 4*y, -3*y - 5*z + 780 = 0. Calculate the remainder when y is divided by 6.
2
Let b be ((-1)/2)/((-4)/(-120)*-3). Suppose -2*r = 4*p - 6, -15 = -2*r - 2*r - b*p. What is the remainder when r is divided by -5*(16/10 + -2)?
1
Suppose 4*v + x - 420 = 0, -2*v - 3*x + 15 = -205. Calculate the remainder when v is divided by 51.
2
Let p = -3735 + 4081. Calculate the remainder when p is divided by 333.
13
Suppose 41*k - 44*k = -2*j + 81, 2*j + 5*k = 89. Suppose 0 = -y + 10 - 4. Suppose w - y = 5. Calculate the remainder when j is divided by w.
9
Let r = -102 + 185. Calculate the remainder when r is divided by 4 - -6*(-2)/(-8)*12.
17
Suppose -4*n = -3*j + 100, -3*j = -j - 3*n - 66. Calculate the remainder when (568/(-64)*4)/((-7)/42) is divided by j.
33
Let m = -661 + 324. Let k = 409 + m. What is the remainder when k is divided by 46?
26
Let c = 495 - 505. Calculate the remainder when 1/(-2)*(c + (-6 - 240)) is divided by 3.
2
Let o(j) = -45*j**3 + j**2 + j - 2. Let u be o(1). What is the remainder when 592/111*(0 + u/(-6)) is divided by 6?
4
Suppose -19 = -4*c + 17. Suppose -y + 27 = 2*u, 0*y + 3*y - 4*u = 51. What is the remainder when 750/14 + (-12)/y is divided by c?
8
Let b be 6/(-33) - (-8)/44. Suppose -3*x + u = -73, 0 = -x - b*x + 5*u + 43. What is the remainder when 57 + 4 + (-12)/6 + -5 is divided by x?
8
Let q be (2 + -24)*((-27)/6)/9. Suppose -9*n - 20 = -q*n. What is the remainder when n is divided by 4?
2
Let x(q) = 3982*q**2 - 14*q - 22. Calculate the remainder when x(-1) is divided by 54.
32
Suppose -9*z - 10*z + 285 = 0. Let x(f) be the first derivative of f**4 - f**3/3 - 2*f - 4. What is the remainder when x(2) is divided by z?
11
Let a(b) = -32*b + 10. Let s be a(-7). Suppose s = 4*z - m, 122 = -5*z + 7*z - 3*m. Calculate the remainder when z is divided by ((-1)/(-2))/(12/240).
8
Let z(p) = -p**2 - 8*p + 5. Let u(x) = -x**3 + 25*x**2 + 77*x + 35. Let w be u(27). What is the remainder when (-1)/(4/w*-2) is divided by z(-6)?
14
Suppose -34*y + 582 + 112 = -598. Calculate the remainder when (2 + -3)*(-455)/7 is divided by y.
27
Let l = -9448 - -15270. What is the remainder when l is divided by 91?
89
Suppose 16*x - 42 = 2*x. Suppose 183 = x*f - 5*p, 0 = -f - 4*f + 3*p + 321. Calculate the remainder when f is divided by 18.
12
Calculate the remainder when (804/2)/(15/(-20) - (-99)/36) is divided by 12.
9
What is the remainder when 1256 is divided by ((-14)/(-70)*20)/((-2)/(-207))?
14
Calculate the remainder when (-42912)/(-126)*21/6 is divided by 146.
24
Let u = 867 + -802. Let o(n) = -n + 12. Let b be o(10). Suppose 0 = 3*q + b*q - 85. Calculate the remainder when u is divided by q.
14
Let w(g) = 6*g - 4. Let i be w(7). Suppose 0 = 3*r - 49 - i. Let v(x) = -23*x - 238. What is the remainder when r is divided by v(-11)?
14
Let d = 182 + -177. Suppose 4*r + 3*w - 35 = 0, 4*r - 8 = d*w - 13. What is the remainder when r is divided by 2?
1
Suppose -w - 523 = -0*w. Let l = w - -749. Let d = l - 110. What is the remainder when d is divided by 40?
36
Suppose 2*c + 7*s = 5*s + 208, 4*c + s - 440 = 0. Calculate the remainder when 473 is divided by c.
25
Suppose 4*p + 11 + 193 = 0. Let d = p - -213. What is the remainder when 52 is divided by (1 + (-2)/(-6))/(12/d)?
16
Suppose 8*j + 7636 = 41*j + 13*j. Calculate the remainder when 962 is divided by j.
132
Let g(f) = -7*f - 12. Let j be g(8). Let v = -65 - j. Suppose 0 = v*t - 4*d - 45, 3*d = t + 4*t - 86. What is the remainder when t is divided by 2?
1
Let u be 7/((-14)/(-24)) + 2 + 3. Suppose -u = -p - 18. What is the remainder when 55/(-5)*-7 + 1 + p is divided by 16?
13
Let b(v) = -10*v**2 + 5*v - 64. Let r be b(7). Let w = -488 - r. What is the remainder when 184 is divided by w?
29
Suppose -36*u + 877 - 301 = 0. What is the remainder when 217 is divided by u?
9
Let m(z) = z**3 - 5*z**2 - 3*z - 3. Suppose -5*g = -5*v - 17695, -2*v - 39*g - 7085 = -34*g. Calculate the remainder when (-60)/70 + v/(-14) is divided by m(6).
12
Let r = 5289 - 5202. What is the remainder when 2156 is divided by r?
68
Let a be (-32 + 47)/(3/16). What is the remainder when 19 is divided by a/13 + (-42)/273 - 0?
1
Calculate the remainder when (-356)/(-3*6/288) is divided by 37.
35
Suppose -2*b = -c + 37, -19 = -c - 5*b + 25. Calculate the remainder when ((-568)/(-10))/(16/120) is divided by c.
36
Let x be 0 - -4 - (-3 + -21017)/5. Suppose -1372 = -20*p + x. What is the remainder when p is divided by 40?
39
Let u = 24 + -14. What is the remainder when 5022/1116*64/6 is divided by u?
8
Let d(z) = -z**3 + 7*z**2 + 17*z + 27. Let k be d(10). Let g = -69 - k. What is the remainder when g is divided by 7?
6
Let a = -4519 - -4532. Let m(u) = u**2 - 6*u - 3. What is the remainder when m(9) is divided by a?
11
Let c(v) = 4*v**2 + 18*v - 6. Let b be c(-5). Suppose -b*n - 56 = -2*h, 4*h - 99 = 2*n - 7*n. What is the remainder when h is divided by 12?
2
Suppose -3*j = t + 22 - 3, -j - 3*t - 9 = 0. Let g be (171/j)/((-4)/24*1). Calculate the remainder when g + (-2 - (4/(-1) + 0)) is divided by 35.
33
Suppose -4*g = -2*o - 30, -3*g + 3*o + 14 + 13 = 0. What is the remainder when 91 is divided by ((-4)/g)/((-24)/900)?
16
What is the remainder when 596 is divided by (-70)/21*(3285/(-20))/(30/16)?
12
Suppose 0 = h - 5*h - 3*x + 5, 0 = -5*h + 2*x + 12. What is the remainder when 374 is di